{"id":1457,"date":"2025-03-28T11:22:26","date_gmt":"2025-03-28T11:22:26","guid":{"rendered":"https:\/\/homologcop30.pactoglobal.org.br\/?page_id=1457"},"modified":"2025-09-18T17:58:39","modified_gmt":"2025-09-18T17:58:39","slug":"blue-keepers","status":"publish","type":"page","link":"https:\/\/cop30.pactoglobal.org.br\/index.php\/blue-keepers\/","title":{"rendered":"Blue Keepers"},"content":{"rendered":"\t\t<div data-elementor-type=\"wp-page\" data-elementor-id=\"1457\" class=\"elementor elementor-1457\">\n\t\t\t\t<div class=\"elementor-element elementor-element-b853187 e-con-full e-flex e-con e-parent\" data-id=\"b853187\" data-element_type=\"container\" data-settings=\"{&quot;background_background&quot;:&quot;classic&quot;}\">\n\t\t\t\t<\/div>\n\t\t<div class=\"elementor-element elementor-element-4ce4630d e-flex e-con-boxed e-con e-parent\" data-id=\"4ce4630d\" data-element_type=\"container\">\n\t\t\t\t\t<div class=\"e-con-inner\">\n\t\t\t\t<div class=\"elementor-element elementor-element-13d1d49e elementor-widget elementor-widget-text-editor\" data-id=\"13d1d49e\" data-element_type=\"widget\" data-widget_type=\"text-editor.default\">\n\t\t\t\t<div class=\"elementor-widget-container\">\n\t\t\t\t\t\t\t\t\t\n<p>\u00a0<\/p>\n\n<p><strong>QUAL O OBJETIVO?<\/strong>\u00a0<\/p>\n\n<p>Seu objetivo \u00e9 mobilizar recursos e engajar empresas, governos e sociedade no combate \u00e0 polui\u00e7\u00e3o cr\u00f4nica do oceano e bacias hidrogr\u00e1ficas por res\u00edduos s\u00f3lidos, notadamente pl\u00e1sticos, por meio de a\u00e7\u00f5es preventivas e corretivas, em concord\u00e2ncia com o ODS 14 (Vida na \u00e1gua) e a Agenda 2030. A iniciativa est\u00e1 alinhada com a D\u00e9cada da Ci\u00eancia Oce\u00e2nica para o Desenvolvimento Sustent\u00e1vel das Na\u00e7\u00f5es Unidas, que compreende o per\u00edodo entre 2021 e 2030.\u00a0<\/p>\n\n<p><strong>COMO ATINGIR?<\/strong>\u00a0<\/p>\n\n<p>O projeto \u00e9 composto por 3 frentes:\u00a0<\/p>\n\n<ul class=\"wp-block-list\">\n<li>Diagn\u00f3stico: coletas amostrais sazonais para entendimento da tipologia dos res\u00edduos, e elabora\u00e7\u00e3o do Invent\u00e1rio Nacional de Res\u00edduos;\u00a0<\/li>\n<\/ul>\n\n<ul class=\"wp-block-list\">\n<li>Sensibiliza\u00e7\u00e3o socioambiental: ativa\u00e7\u00f5es de limpeza com retirada imediata de res\u00edduos em ambientes naturais;\u00a0<\/li>\n<\/ul>\n\n<ul class=\"wp-block-list\">\n<li>Preven\u00e7\u00e3o: apoio a estruturas de barramento e intercepta\u00e7\u00e3o de res\u00edduos flutuantes.\u00a0<\/li>\n<\/ul>\n\n<p><strong>CONTEXTO<\/strong>\u00a0<\/p>\n\n<p>Um <a href=\"https:\/\/go.pactoglobal.org.br\/SumarioExecutivoBlueKeepers\" target=\"_blank\" rel=\"noreferrer noopener\"><strong>estudo in\u00e9dito<\/strong><\/a>, encomendado pelo Blue Keepers em 2022, aponta que cada brasileiro pode ser respons\u00e1vel por poluir os mares com 16kg de pl\u00e1sticos por ano, sendo que 1\/3 do pl\u00e1stico produzido em todo o Brasil corre o risco de chegar ao oceano todos os anos, a pesquisa foi apresentada na Confer\u00eancia do Oceano das Na\u00e7\u00f5es Unidas de 2022.\u00a0\u00a0<\/p>\n\n<p>Em 2023, um segundo estudo revelou que o Brasil tem 600 grandes &#8216;portas de entrada&#8217; para a polui\u00e7\u00e3o pl\u00e1stica no Oceano Atl\u00e2ntico os dados s\u00e3o p\u00fablicos e est\u00e3o dispon\u00edveis acessando nosso <a href=\"https:\/\/www.pactoglobal.org.br\/webmapa-bluekeepers\/%E2%80%8B\" target=\"_blank\" rel=\"noreferrer noopener\"><strong>Webmapa<\/strong><\/a>, o estudo foi apresentado na reuni\u00e3o do Tratado Internacional pelo Fim da Polui\u00e7\u00e3o por Pl\u00e1sticos, liderado pela ONU Meio Ambiente. Ambas as pesquisas foram realizadas em parceria com o Instituto Oceanogr\u00e1fico da Universidade de S\u00e3o Paulo.\u00a0\u00a0<\/p>\n\n<p>A partir de 2024, o Blue Keepers abre os dados de suas coletas amostrais de res\u00edduos encontrados em manguezais, orlas de praia e margens de rios em diferentes localidades do Brasil: o Invent\u00e1rio Nacional de Res\u00edduos \u00e9 uma entrega que visa estimular iniciativas das empresas para solu\u00e7\u00f5es de design, log\u00edstica reversa e comportamento.\u00a0\u00a0<\/p>\n\n<p>Concomitantemente, o projeto passa a fomentar a\u00e7\u00f5es da sociedade civil organizada em conjunto com empresas e governos locais, com foco em intercepta\u00e7\u00e3o e coleta de res\u00edduos flutuantes aliadas ao monitoramento e coleta de mais dados.\u00a0<\/p>\n\n<p><strong>COMO VOC\u00ca PODE SE ENGAJAR?<\/strong>\u00a0<\/p>\n\n<ul class=\"wp-block-list\">\n<li>Apoio a estruturas de barramento e intercepta\u00e7\u00e3o de res\u00edduos flutuantes;\u00a0<\/li>\n<\/ul>\n\n<ul class=\"wp-block-list\">\n<li>Ativa\u00e7\u00f5es de limpeza com retirada imediata de res\u00edduos em ambientes naturais;\u00a0<\/li>\n<\/ul>\n\n<ul class=\"wp-block-list\">\n<li>Ativa\u00e7\u00e3o especial em Bel\u00e9m\/PA durante a COP30.\u00a0<\/li>\n<\/ul>\n\n<p><strong>VOC\u00ca AINDA TER\u00c1 ACESSO A:<\/strong>\u00a0<\/p>\n\n<ul class=\"wp-block-list\">\n<li>Lan\u00e7amento do Guia Empresarial de Combate ao Lixo no Mar;\u00a0<\/li>\n<\/ul>\n\n<ul class=\"wp-block-list\">\n<li>Webmapa com a identifica\u00e7\u00e3o de &#8216;portas de entrada&#8217; para a polui\u00e7\u00e3o pl\u00e1stica no Oceano Atl\u00e2ntico.\u00a0<\/li>\n<\/ul>\n\n<p><strong>PR\u00c9-REQUISITOS PARA PARTICIPAR:<\/strong>\u00a0<\/p>\n\n<p>Sua empresa precisa fazer parte do Pacto Global \u2013 Rede Brasil. Ap\u00f3s a ades\u00e3o, demonstrar interesse em patrocinar o projeto.\u00a0<\/p>\n\n<p><strong>QUERO FAZER PARTE<\/strong>\u00a0<\/p>\n\n<p>Siga-nos nas nossas redes sociais:\u00a0<\/p>\n\n<p><a href=\"https:\/\/www.instagram.com\/blue.keepers\/\" target=\"_blank\" rel=\"noreferrer noopener\">Instagram do Blue Keepers<\/a>\u00a0<\/p>\n\n<p><a href=\"https:\/\/www.pactoglobal.org.br\/blue-keepers\/\" target=\"_blank\" rel=\"noreferrer noopener\">Site do Blue Keepers<\/a>\u00a0<\/p>\n\n<p>\u00a0<\/p>\n\t\t\t\t\t\t\t\t<\/div>\n\t\t\t\t<\/div>\n\t\t\t\t\t<\/div>\n\t\t\t\t<\/div>\n\t\t\t\t<\/div>\n\t\t","protected":false},"excerpt":{"rendered":"<p>\u00a0 QUAL O OBJETIVO?\u00a0 Seu objetivo \u00e9 mobilizar recursos e engajar empresas, governos e sociedade no combate \u00e0 polui\u00e7\u00e3o cr\u00f4nica do oceano e bacias hidrogr\u00e1ficas por res\u00edduos s\u00f3lidos, notadamente pl\u00e1sticos, por meio de a\u00e7\u00f5es preventivas e corretivas, em concord\u00e2ncia com o ODS 14 (Vida na \u00e1gua) e a Agenda 2030. A iniciativa est\u00e1 alinhada com&hellip; <a class=\"more-link\" href=\"https:\/\/cop30.pactoglobal.org.br\/index.php\/blue-keepers\/\">Continue Reading <span class=\"screen-reader-text\">Blue Keepers<\/span><\/a><\/p>\n","protected":false},"author":2,"featured_media":0,"parent":0,"menu_order":0,"comment_status":"closed","ping_status":"closed","template":"elementor_header_footer","meta":{"footnotes":""},"class_list":["post-1457","page","type-page","status-publish","hentry","entry","mb-50"],"_links":{"self":[{"href":"https:\/\/cop30.pactoglobal.org.br\/index.php\/wp-json\/wp\/v2\/pages\/1457","targetHints":{"allow":["GET"]}}],"collection":[{"href":"https:\/\/cop30.pactoglobal.org.br\/index.php\/wp-json\/wp\/v2\/pages"}],"about":[{"href":"https:\/\/cop30.pactoglobal.org.br\/index.php\/wp-json\/wp\/v2\/types\/page"}],"author":[{"embeddable":true,"href":"https:\/\/cop30.pactoglobal.org.br\/index.php\/wp-json\/wp\/v2\/users\/2"}],"replies":[{"embeddable":true,"href":"https:\/\/cop30.pactoglobal.org.br\/index.php\/wp-json\/wp\/v2\/comments?post=1457"}],"version-history":[{"count":20,"href":"https:\/\/cop30.pactoglobal.org.br\/index.php\/wp-json\/wp\/v2\/pages\/1457\/revisions"}],"predecessor-version":[{"id":1781,"href":"https:\/\/cop30.pactoglobal.org.br\/index.php\/wp-json\/wp\/v2\/pages\/1457\/revisions\/1781"}],"wp:attachment":[{"href":"https:\/\/cop30.pactoglobal.org.br\/index.php\/wp-json\/wp\/v2\/media?parent=1457"}],"curies":[{"name":"wp","href":"https:\/\/api.w.org\/{rel}","templated":true}]}}